. Let n be a(-3). Calculate h(n).
-7
Let s(g) = -g**3 - 3*g**2 + 10*g + 25. Let n be s(-4). Let h(q) = 15*q**2 - q + 1. What is h(n)?
15
Suppose 5 + 5 = 2*k. Suppose 2*r = 3*v, 5*r = -v - k + 22. Suppose -3*o = -r*g + 2 + 13, 5*o = -4*g + 20. Let y(u) = u**3 - 6*u**2 + 3*u + 2. Calculate y(g).
-8
Let a(c) = -c**2 + 1 - 23*c + 23*c. Give a(2).
-3
Let g(x) be the second derivative of x**3/3 + 3*x**2/2 - 21*x. Suppose f + 3 = 1. Calculate g(f).
-1
Let z(i) = -42*i - 11. Let d(n) = -14*n - 4. Let v(a) = 8*d(a) - 3*z(a). Calculate v(-1).
-13
Let i be ((-1)/2)/((-2)/8). Let h be (-3)/(-4) - (-2)/8. Let v(p) = 0 + h + i*p + 2*p**2 + 2. Calculate v(-2).
7
Suppose 0 = 8*n - 24*n - 64. Let h(u) = u**2 + 5*u + 1. Calculate h(n).
-3
Let d(k) = 9*k + 2*k - 7 - 14*k + k. Calculate d(-5).
3
Let x(l) = l**3 - 6*l**2 + 4. Let v be x(6). Let c(y) = -y**2 + 3*y - 2. Calculate c(v).
-6
Let r = -5 + 10. Let t(s) = -r*s + s**3 + 5*s - 3*s - 2*s**2 + 4. Calculate t(3).
4
Let b(s) = -2*s**2 + 5*s - 2. Let u = -84 + 87. What is b(u)?
-5
Suppose o - 6 = 3*o. Let b(k) = 7 + 3*k - 4 - 1 + k**2. Let f be b(o). Let r(g) = 3*g - 2. Give r(f).
4
Let o(d) = d**3 - 8*d**2 + 7*d - 9. Let t = -79 - -86. What is o(t)?
-9
Let i be 1/(-8) - 294/(-48). Let u(o) = o**2 - 7*o. Give u(i).
-6
Suppose 0 = v - 2 + 1. Suppose -2 - v = 3*p. Let u(j) = 1 - j - 1 - j**2 - j - 1. Determine u(p).
0
Let i(k) be the second derivative of k**8/2240 + k**7/2520 - k**6/720 - k**4/3 - 4*k. Let v(x) be the third derivative of i(x). What is v(1)?
3
Let s(l) = 5*l + l**2 - 3*l - 5*l. What is s(2)?
-2
Suppose -5 = w - 6*w. Let t(v) = -9*v. Let h(a) = 10*a. Let i(x) = 2*h(x) + 3*t(x). Calculate i(w).
-7
Let o(v) = -5*v - 1. Let t be (-2)/((3/(-6))/(2/4)). Determine o(t).
-11
Let o(c) = c - 3. Let j be o(7). Let g(v) = -4*v - 4*v**2 + 7 + 4*v**3 - v**2 + v**2 - v. Let n(i) = -i**3 + i - 1. Let f(w) = -g(w) - 3*n(w). Determine f(j).
4
Let l(k) = 11*k**2. Let c(j) = 5*j**2. Let o(b) = -13*c(b) + 6*l(b). Determine o(-2).
4
Let p be ((-98)/(-21))/(4/(-6)). Let m(h) = -h - 3. What is m(p)?
4
Let m(o) = o + 3. Let l be m(-8). Let c(w) = -2 + 1 + w**2 + 1 - 1 + 5*w. Give c(l).
-1
Let z(d) be the third derivative of -d**6/120 + d**5/10 - 5*d**4/24 + d**3 + 3*d**2. Let a be 33/7 - 6/(-21). Give z(a).
6
Let d be (-24)/(-30)*(-1 - -26). Suppose -4*x - d = -4*q, -3*q + 3*x + 7 = 2*x. Let r(c) = c - 1. Let u(p) = -2*p + 5. Let o(j) = 4*r(j) + u(j). Determine o(q).
3
Let v(g) = -5*g + 3*g**2 - g**3 + 6*g + g - 2. Give v(4).
-10
Let l(r) be the second derivative of 5*r**4/12 + 3*r**3/2 + 9*r**2/2 - 2*r. Let w(z) = -9*z**2 - 18*z - 18. Let b(c) = 7*l(c) + 4*w(c). Determine b(-7).
5
Let u = -66 + 69. Let n(b) = b**2 + b - 1. Let l(o) = 3*o**2 - 2*o + 1. Let i(f) = l(f) - 2*n(f). Give i(u).
0
Let s(q) = q**3 + 4*q**2 + 2*q + 4. Let a = -9 - -14. Let x be -1 - -2*2/1. Suppose r - g - 1 = 0, -30 = a*r + x*g - g. What is s(r)?
-4
Let x be (-4 - 2)*-1 - 3. Let d(p) be the second derivative of 1/20*p**5 + p + 0 + 1/6*p**3 - 1/4*p**4 - p**2. Give d(x).
1
Let d(i) = i**3 - 2*i - 3. Let s = -20 + 18. Calculate d(s).
-7
Let c(v) = -v**2 - 9*v - 8. Let b be c(-8). Suppose b = -5*z + 2*u - 11, -5*u = -2*z + 2 + 2. Let n(j) = -j**2 + 4. Give n(z).
-5
Let k be (-65)/(-9) - (-6)/(-27). Let x(m) = m**2 - 10*m + 4. What is x(k)?
-17
Let o(j) = j**3 - 4*j**2 + 6*j + 7. Let q(u) = -u**3. Let w(r) = -o(r) - 2*q(r). Suppose -t - 2 - 3 = 2*v, -t + 25 = -4*v. Determine w(v).
-2
Let b(c) = -c**2 + 8. Let j(z) = 3*z**2 - 15. Let s(k) = -5*b(k) - 2*j(k). Suppose -52*p = -18*p. Calculate s(p).
-10
Let z = 9 - 7. Let g(r) be the third derivative of 0 - 1/30*r**5 + 0*r + 2*r**2 + 1/6*r**3 + 1/24*r**4. Give g(z).
-5
Suppose -5*u + 10 = -4*c + 35, 2*u + 10 = c. Let w(v) be the second derivative of -v**3/3 - 3*v**2 - v. What is w(u)?
4
Let n(t) be the third derivative of -t**4/8 - 20*t**2. Give n(-1).
3
Let t(f) = 6 - 3*f - 8*f - 9*f + 20. Let q(l) = -7*l + 9. Let g(a) = -17*q(a) + 6*t(a). Give g(6).
-3
Let h(s) = -16*s**2 - 1 + 4*s - 6*s + 7*s**2 - 3*s**2. Calculate h(-1).
-11
Let b = -16 + 16. Let o(r) = -r + 4. What is o(b)?
4
Let j(t) = 2*t + 2*t**2 + 3*t**3 + 3 - t**3 + t**2. Give j(-2).
-5
Let m(v) = 3*v**2 + 3*v - 2. Let r(b) = 16*b**2 + 16*b - 10. Let a(g) = 11*m(g) - 2*r(g). What is a(2)?
4
Let x(h) = -h**3 + h**2 + 5*h - 4. Let g be (0/(-3))/(0 + 2). Let c = 9 + -6. Suppose 0 = -c*a + 9 - g. Calculate x(a).
-7
Let x = -1 + 12. Let l(b) = 7*b + x*b**2 - 5*b**2 - 5*b**2. Give l(-6).
-6
Let a(z) be the second derivative of 1/6*z**3 + 0 - z**2 - 5*z. What is a(3)?
1
Let d(r) be the second derivative of -r**5/20 - r**4/3 - r**3/6 - 3*r**2/2 - 11*r. Determine d(-3).
-9
Let z(f) be the first derivative of f**4/4 - 4*f**3 + 6*f**2 - 7*f - 22. What is z(11)?
4
Let h(d) = d**3 + 5*d**2 + 5*d + 3. Let j(t) be the second derivative of -t**4/3 + t**3/6 + t. Let y be -3*5/(-25) + (-4)/(-10). Let a be j(y). Give h(a).
6
Let t(f) = -f**3 - 2*f**2 - 3*f - 5. Let v(m) = -2*m**3 - 5*m**2 - 6*m - 10. Let b(u) = 5*t(u) - 3*v(u). Calculate b(-5).
-10
Suppose 1 = -3*d - p, -2*d = 5*p - 2 - 6. Let r(g) = -3*g - 1. What is r(d)?
2
Let t(i) be the third derivative of -i**6/120 - i**5/30 + 7*i**4/24 + 5*i**3/6 - 8*i**2. Determine t(-4).
9
Let w(r) = 1 - 3*r + r**2 + 5*r - r. Suppose -6 = 2*m - 2. Calculate w(m).
3
Let y be (-18 - -13)*2/(-5). Let o(h) be the third derivative of 0 + 0*h**3 - 1/8*h**4 + 0*h + h**y. Determine o(-1).
3
Let u(p) be the second derivative of p**5/20 - 2*p**4/3 - 4*p**3/3 - 3*p**2/2 + 46*p. Determine u(9).
6
Let t(c) = -c**3 - 4*c**2 + 4*c + 7. Suppose w = -w - y - 11, 3*w - 4*y + 11 = 0. Give t(w).
12
Let i(t) = 8*t**2 + 1. Suppose -4*c - 3 = 1. Calculate i(c).
9
Let t(s) be the second derivative of -s**4/12 - s**3/6 - 8*s**2 - s. Suppose -3*p + 2*y + 2 = -5*p, 2*y = -2. Give t(p).
-16
Let b(g) = 5*g. Let h(k) = k**3 - 5*k**2 + 6*k - 1. Let r be h(3). Determine b(r).
-5
Let a(s) be the third derivative of -s**4/12 + s**3 - s**2. Let h = -1 + 5. Suppose -h*n = -0*n - 16. What is a(n)?
-2
Suppose -3*v + 2*n - 27 + 3 = 0, -v = -4*n + 18. Let j = 8 + v. Let a(s) be the third derivative of s**6/120 - s**5/20 + s**4/8 + 3*s**2. Calculate a(j).
2
Let m(o) be the second derivative of -o**5/20 - 5*o**4/12 - 2*o**3/3 - 3*o**2 - 13*o. Suppose g + 1 + 3 = 0. What is m(g)?
-6
Let s(j) = -7*j**3 - 2*j**2 + 2*j - 12. Let h(q) = 20*q**3 + 5*q**2 - 6*q + 35. Let z(p) = -6*h(p) - 17*s(p). Give z(4).
2
Let z(n) = -4*n**3 - n - 1. Suppose y = -2*y - 6. Suppose 12*o + 4 = 16*o. Let v be y/o + (1 - 0). Calculate z(v).
4
Let i(l) = 3 - 2*l - 4 + 3*l + 3*l**3 - 2*l**3. Give i(0).
-1
Suppose -13 + 18 = -5*s. Let w(y) = -9*y**3 - y**2 + y + 1. Calculate w(s).
8
Suppose 18 = q + 2*q. Let s(d) = d**3 - 6*d**2 + 3*d - 9. What is s(q)?
9
Let k(z) be the third derivative of 1/6*z**3 + 1/12*z**4 + 0*z + z**2 + 0. Give k(2).
5
Let p be (-15 - -7) + 2 + 0. Let w(u) = -u**3 - 6*u**2 - u - 8. Calculate w(p).
-2
Let j = 2 + 0. Let v = j - 5. Let h(m) = m**2 + 5*m + 4. Calculate h(v).
-2
Let b(s) be the third derivative of s**5/60 + s**4/6 + s**3/2 - 5*s**2. Determine b(-3).
0
Suppose -4*b + 2*s = -b + 12, b - 2*s = 0. Let f(p) = p**3 + 7*p**2 + 8*p - 4. Calculate f(b).
-16
Let u(k) = -9*k + 11 + 0*k**2 - 7*k**2 + 4*k. Let z(c) = 13*c**2 + 9*c - 22. Let h(i) = -11*u(i) - 6*z(i). What is h(0)?
11
Suppose 4*p + p + 25 = 0, 2*p + 11 = i. Let y be 0/i + 0/3. Let w(d) = -d**3 + y - 5 - 1. Give w(0).
-6
Let z(t) = -t**2 + 4*t + 6. Let s be (-2)/(-5) - (-32)/20. Let v(j) = -4*j + 4. Let m be v(-4). Suppose 5*i - m = -s*b, i = 2*b - b + 11. What is z(i)?
-6
Suppose x = -2*x + 12. Suppose -x*i - 14 = -6. Let o(r) = -r**3 + r - 2. What is o(i)?
4
Let t(n) be the second derivative of -n**4/4 - n**3/6 - 5*n. Suppose -14 = 2*p - 5*f, 4*p + 5*f - 28 = f. Suppose o + p = 2. Calculate t(o).
-2
Let i(w) = -1 + 4*w - 1 - 3 - 5*w. Determine i(0).
-5
Let c(w) = -1 + w**3 - 8*w**2 - 3*w + 0*w**3 + 7*w**2 + 2*w**2. Give c(-3).
-10
Let c be (-4)/(-18) + (-215)/(-45). Suppose c*n = 7 + 8. Let y(m) = -m**3 + 2*m**2 + m - 2. Determine y(n).
-8
Let g(p) = p**2 - 7*p - 1. Let b(r) = -3*r**2 + 22*r + 3. Let j(m) = 2*b(m) + 7*g(m). Suppose -3*d + 3*z + 9 = 0, -z + 12 = 5*d - 9. Calculate j(d).
-5
Suppose 2*